nd derivative of d(v). What is h(-1)?
-2
Let h(f) = -2*f**3 - 24*f**2 - 7*f - 15. Let i(r) = r**3 + 11*r**2 + 3*r + 7. Let n(k) = -4*h(k) - 9*i(k). What is n(-3)?
-6
Let s(t) = -t**2 - 2*t + 2. Suppose -h + 59 = -18. Let w = -75 + h. What is s(w)?
-6
Let b(u) = -u + 8. Let f be b(7). Let z be f*(-2 + -1) - -4. Let k(q) = -q + 1. Determine k(z).
0
Let s(q) be the second derivative of q**5/20 - q**4/12 - 5*q**3/6 - 3*q**2/2 - 260*q. Calculate s(3).
0
Let k(s) = s**2 + s - 1. Suppose -77 = -5*w + 5*l - l, 3*w = -4*l + 27. Suppose 1 = 2*q - w. Let i be -5 + 2 - (6 - q). Calculate k(i).
1
Let r be 4*1/((-4)/(-21)). Let k(t) = 28 + t**2 + t - 11*t - r. Give k(10).
7
Let j(r) = -9*r - 3. Let f(w) = 15*w + 7. Let a(c) = 4*f(c) + 7*j(c). Determine a(5).
-8
Suppose 3*r + 32 = 7*r. Let v = -3 + r. Let s(d) = -94 + 2*d**2 - d**2 - 7*d + 54 + 45. Determine s(v).
-5
Let j(o) = 2*o - 13. Let r be j(8). Let h(c) = 10 - 4 - 7*c**3 + 6*c**2 + 6*c**r. Give h(6).
6
Let u(j) = j + 4. Let w(r) be the first derivative of -9 + 5/2*r**2 + 1/3*r**3 - 9*r. Let x be w(-6). What is u(x)?
1
Let l = -22 + 27. Let v(o) = -o**3 + 4*o**2 + 6*o - 4. Let d be v(l). Let m(n) = 6*n**3 + n**2 - 1. Determine m(d).
6
Let b(s) = 4*s + 2. Let c = -25 - -35. Suppose 3*x = -w - 0*x + 15, 2*x = 4. Suppose -w*h + 4*h = c. What is b(h)?
-6
Let z(i) = -i**2 + 5*i - 2. Let l be z(4). Let u(v) = l*v**3 + v - v**3 + 7 + v + 8*v**2 - v. Let r be u(-8). Let p(f) = -3*f**2. Determine p(r).
-3
Let a be (16 - -4)/(-4) + 3. Let q be (1 + a)/(5/15). Let r(b) = -b - 2. Determine r(q).
1
Let h(g) = g + 893 + 0*g - 899. Let t = -5 - -2. Let o be t/12 - (-1)/4. Determine h(o).
-6
Let z(g) = g**3 + 3*g**2 - 2*g + 1. Suppose -24 = -5*h + 46. Let n = -5 + h. Suppose 3*l + 3*a = -2*l - 24, n = -3*a. What is z(l)?
7
Let x be (-8 + -1)/(-3) - 3. Suppose x = 4*h - 2*p - 2, 0*p = -5*h + 2*p + 2. Let k(g) = g**3 - g - 8. Give k(h).
-8
Let p = 67/510 + 3/85. Let f(k) be the third derivative of -3*k**2 + 0*k - 1/24*k**4 - 1/6*k**5 + 0 - p*k**3. What is f(-1)?
-10
Let q(x) = -2*x + 4. Let j = 18 + -18. Suppose j = 8*v - 6*v + 14. Calculate q(v).
18
Let d = 56 - 36. Suppose 2*u + 2*v - 16 = 0, 0 = 5*u - 3*v + 4*v - d. Let t(g) = -g**2 - 2*g + 2. What is t(u)?
-13
Let c(p) = p**3 - p**2 - 2*p - 2. Suppose 5*j + 10 = 110. Let u = 3 + j. Let w = 21 - u. Give c(w).
-10
Suppose r - 2*s = -1, 3*s - 32 = -23. Let f(w) = -w**2 + w - 1. Let v(p) = p**3 + p**2 - 8*p + 7. Let k(u) = -6*f(u) - v(u). Calculate k(r).
9
Let c(w) = 146*w + 2 - 147*w - 5 + 3*w**2 - 2*w**2 + 0*w**2. Let o = -8 - -11. Suppose s + 4*v - 20 = -0*s, -20 = o*s - 4*v. Give c(s).
-3
Let f be (7 + -13)*4/(-6). Let q(y) = 3*y**2 - 6*y + 5. Determine q(f).
29
Let h(j) = -7*j + 50. Let c(k) = -6*k + 40. Let m(f) = -5*c(f) + 4*h(f). Suppose -d - 3*o + 8 = 0, -2*d - o + 11 = -0*d. Determine m(d).
10
Let u(w) = w**3 - 6*w**2 + 2*w + 2. Let q be u(6). Let h = -19 + q. Let d(i) = 8 - 2*i - i**2 + 9 + 7 - 21. What is d(h)?
-12
Let a = 18 - 6. Let p be 19/4 - a/16. Let c(t) be the third derivative of -t**6/120 + t**5/15 + t**4/24 + t**3/3 - t**2. What is c(p)?
6
Let x be ((-2)/9)/(64/96)*-3 + 5. Let t(p) = -p**2 - 8*p - 3*p**2 + 5*p**2 + 12. Give t(x).
0
Suppose f + o - 5 = 0, 4*f - 6 = -o + 17. Let u(s) = 2*s**2 - f*s**2 + 2 - 4*s - s**3 - 8 + s. Calculate u(-4).
6
Let k = -658 - -647. Let l(j) = -2*j - 24. What is l(k)?
-2
Let h(l) = 9*l**2 - l - 27. Let r(x) = -4*x**2 + x + 13. Let j(o) = 3*h(o) + 7*r(o). What is j(7)?
-11
Let o be (4 - 3)*-1*8. Let d = o + 11. Let n(v) = -10*v + v**3 - 3 + 10*v - 2*v**d + 5*v**2. What is n(4)?
13
Suppose 4*o = -22 + 30. Let g(w) = -w**3 + 2*w**2 + w. Calculate g(o).
2
Let t(l) = -l**2 + 5. Let h(q) = q**3 - 7*q**2 + 8*q + 12. Let w be h(4). Calculate t(w).
-11
Let i(a) be the second derivative of a**4/12 + 5*a**3/6 + a**2/2 - 2*a + 820. Suppose 7*x = 4*x - 9. What is i(x)?
-5
Let n(m) = -m - 4. Suppose 2*j = 4*i + 20, 0 = -j - i + 2 + 2. Let s = -11 + j. What is n(s)?
1
Suppose 2*n - 5*d = 5*n - 21, -5*d + 15 = 0. Let q(a) = 2 - n*a - 2*a + 0*a + 5*a. What is q(-5)?
-3
Let g(p) = 224*p - 1341. Let a be g(6). Let q(f) = f**3 - 5*f**2 - f. Give q(a).
-21
Let l(n) be the third derivative of n**5/60 + n**4/4 - n**3/6 + 25*n**2 + 4. Determine l(-7).
6
Let r(z) = -7*z**3 - 4*z**2 + z. Let x(d) = d**3 + d**2. Let w(g) = r(g) + 5*x(g). Let o(s) = -2*s**3 + 2*s**2 + s - 2. Let p be o(0). Calculate w(p).
18
Let q(h) be the second derivative of -h**4/4 + 5*h + 2. Determine q(1).
-3
Let q(d) = d + 9. Let l be q(-5). Suppose -l*k = -b - 3 - 4, 5*k - 15 = -5*b. Let m(y) = y + k + 4*y - 12*y**2 + 15*y**2. What is m(-3)?
14
Let w = 605 - 596. Let x(g) = -1 + g + 0*g - 3. Calculate x(w).
5
Let t(c) = 4*c - 7 + 2*c - c**2 - 11*c - c. Let m(w) = w**2 + 6*w + 6. Suppose 3*x + 0*x = -9. Let s(r) = x*t(r) - 2*m(r). Calculate s(-6).
9
Suppose q = -v - 14, 16*q + 7 = -3*v + 20*q. Let c(d) = -d**2 - 11*d - 12. Determine c(v).
6
Let u(f) be the first derivative of f**3/3 + 9*f**2/2 + 5*f - 54. Calculate u(-9).
5
Suppose 0 = -9*c + 16*c + 42. Let i(q) = -q**3 + 5*q + 6. Let y(n) = n**3 - 4*n - 5. Let x(d) = c*y(d) - 5*i(d). Let m = -1 - -1. Give x(m).
0
Let x(o) = o**3 + 6*o**2 + o - 1. Suppose -4*q + 33 = -5*j, -j + 0*q - 2*q - 1 = 0. Determine x(j).
19
Let k(x) be the second derivative of x**3/6 + x - 59. Calculate k(6).
6
Suppose 77*t - 72*t = 30. Let m(j) = 2*j - 4. Calculate m(t).
8
Let y(t) = 194*t - 63*t - 66*t - 32 - 62*t + 2. Determine y(14).
12
Let p(i) = -i. Let y(t) = -1. Suppose 0 = 6*u - 4 - 2. Let s(o) = u*y(o) + p(o). What is s(0)?
-1
Let d(v) be the second derivative of v**4/12 + 2*v**3/3 + v**2 - 339*v + 2. Calculate d(-7).
23
Let p(j) = 5*j. Let r be 4/(-14) - (-54)/(-7). Let q = r - -10. What is p(q)?
10
Let u(n) = -n**3 - n**2 - n - 5. Let o be u(0). Let p = -13 + 15. Let v(h) = -13*h**2 + 2 + h**3 + 8*h**p - 2*h**3. What is v(o)?
2
Suppose 4*a - 21 = -3*i, 5*i + 9 = -16. Let v = a + -14. Let q be (-52)/10 - v/25. Let j(n) = n**2 + 4*n + 1. What is j(q)?
6
Suppose 9*a = -4*a - 8*a. Suppose -6*o - 2*o - 24 = a. Let l(y) be the third derivative of y**4/12 - y**3/3 - 2*y**2. Give l(o).
-8
Let u(j) be the third derivative of j**6/240 + j**5/40 + 7*j**4/6 - 16*j**2. Let x(f) be the second derivative of u(f). Give x(-4).
-9
Suppose -201 = 111*b + 21. Let s(d) = d - 6. Let q(v) = -3*v + 13. Suppose -8 - 19 = -3*a. Let i(h) = a*s(h) + 4*q(h). Give i(b).
4
Let r(k) = -k**3 - 7*k**2 - 10*k + 12. Let q be r(-5). Suppose -8 = 4*u - q. Let c(v) = -2*v**3 + v**2. Determine c(u).
-1
Suppose 2*m - 3*s + 116 = -0*m, 4*m - 3*s + 244 = 0. Let h be m/40*(-5)/2. Let b(d) = -3 - h*d**2 + d - d**3 - 4*d + 0*d**3. Determine b(-3).
-3
Let y(h) be the second derivative of h**6/45 - h**5/120 - h**3 + 2*h. Let x(r) be the second derivative of y(r). Determine x(1).
7
Let p(x) = x + 4. Let o be p(0). Suppose -15 = 3*v, 0*v - 37 = -3*m + 5*v. Let q(f) = 5*f - 3*f + 3 - m*f. Determine q(o).
-5
Let t(v) = 2*v - 2. Let q(y) = 2*y + 18. Let f be q(-8). Suppose 4*s + 4*l = 44, -4*s = -4*l - f - 2. Calculate t(s).
10
Let c(i) be the first derivative of 2*i**2 + 1 + i**3 + 3 + 3*i - 14. Give c(-3).
18
Let k be 0*-1*(4 + (-14)/4). Let g(r) = r**3 + 15. What is g(k)?
15
Let q(p) be the second derivative of p**7/2520 + 7*p**5/120 - 19*p**4/12 - 21*p. Let f(c) be the third derivative of q(c). What is f(0)?
7
Let w(k) = -k**3 - k**2 + 38*k - 46. Let j be w(5). Let c(l) = -3 + 1 + 0*l + l. Give c(j).
-8
Let b(w) = -w**2 + 0 + 20*w - 3 - 40*w + 24*w. Suppose 0 = 4*v - 6 - 2. Calculate b(v).
1
Suppose 7 = -k + 1. Let d be (-5 - -10) + (0 - -1). Let f(y) = 5*y + 2*y**2 + y**3 + d*y**2 - 5 - y**2 + 4. Determine f(k).
5
Let q be (-4)/(-3)*(-36)/(-8). Let w(t) = 10*t - 6. Calculate w(q).
54
Let d(z) = -z**3 - 21*z**2 - 22*z - 44. Let h be d(-20). Let x(w) = -w**3 - 5*w**2 - 5*w - 9. Let y be x(h). Let a(k) = 3*k + 1. What is a(y)?
-14
Let b(a) = a**3 - a**2 + a + 3. Suppose 23*h - 9 = 14*h. Let y be (-2 + 7 + -5)/h. Determine b(y).
3
Suppose 0 = t - 0 - 1. Suppose 3*d = -t + 4. Let h(c) = 3 - 3 - 1 - 32*c + 35*c. Determine h(d).
2
Suppose 0 = -69*j + 57*j - 60. Let p(d) = -5*d**2 + 20*d - 11. Let c(v) = -3*v**2 + 13*v - 7. Let b(k) = 8*c(k) - 5*p(k). Give b(j).
4
Let y = -95 + 102. 